et u(z) = 2*z + 3. Let l be u(-11). List the prime factors of (-10)/(-5) - 1*l.
3, 7
Suppose 0 = -2*r - f + 2, 0 = -3*r + 3*f - 4 - 2. Let q(b) = -b + 16. What are the prime factors of q(r)?
2
Suppose -q = -4*q + 42. List the prime factors of q.
2, 7
Let o(j) = j + 2*j + 0 - 1 - 8*j. Let g be o(-3). Suppose y - g = -4. What are the prime factors of y?
2, 5
Let p(d) = 9*d + 4. Let x be (-1)/(1/(-3)*1). List the prime factors of p(x).
31
Let m(q) = -q**2 + 7*q + 8. Let i be m(8). Let y be 4/18 + (-183)/(-27). Suppose 2*l + y*o - 55 = 2*o, -2*l - o + 35 = i. List the prime factors of l.
3, 5
Let b(q) = -4 + 0 + q**2 - 37*q + 38*q. Let i(v) = -v + 1. Let d be i(-2). What are the prime factors of b(d)?
2
Suppose 5*t - 15 = 0, 6*t = -3*d + t + 24. List the prime factors of 84/12 + 1*d.
2, 5
Suppose -2*v + 187 = 3*m, 3*v - 3*m = -8*m + 279. Let j = -22 + 60. Suppose -l = -0*l - 5*d - j, 5*l - v = 2*d. What are the prime factors of l?
2, 3
Suppose -3*n - 2*n = -930. List the prime factors of n/10 + (-2)/(-5).
19
Let r = -12 + 22. List the prime factors of (-4)/r + 561/15.
37
Suppose -3*n + 145 = 4*r + r, -12 = -r - 4*n. Suppose 0 = -7*g + 11*g - 40. What are the prime factors of (r/g)/(-4)*-5?
2
Let n(a) = a**3 + 8*a**2 + 2. Let j be n(-8). Let i = j - -3. What are the prime factors of i?
5
Suppose -2*j = -6*j. Suppose j*o = -5*o + 10. What are the prime factors of (o - 1)*13 - 0?
13
Let u be -3 + 26 + -2 + 3. Let s = u + -16. What are the prime factors of s?
2
Let o(f) = 8*f - 17. List the prime factors of o(10).
3, 7
Suppose 4*k + 1 - 5 = 0. List the prime factors of -1 + 5/k - -1.
5
Suppose 63 = m - 4*m. Suppose 0 = 2*s - s - 34. Let c = s + m. What are the prime factors of c?
13
List the prime factors of ((-23)/2 - -3)*-4.
2, 17
Suppose 0 = -2*w - 4*j + 336, 4*w + 500 = 7*w + 4*j. What are the prime factors of w?
2, 41
Suppose 3*q = 6 - 0. What are the prime factors of q?
2
Let y(q) be the second derivative of -3*q**3/2 - 5*q**2/2 + 5*q. List the prime factors of y(-2).
13
Let s be 3*(-1 + 0)*-1. Suppose -32 = -l + 3. Suppose 3*f - 4*x - 50 = 0, s*x = -f + 3*f - l. What are the prime factors of f?
2, 5
Suppose 0 = -5*c - 2*p + 3*p + 435, -3*c - 2*p + 274 = 0. List the prime factors of c.
2, 11
Let q(z) = 3*z**3 + 2*z**2 - z - 4. List the prime factors of q(4).
2, 3
List the prime factors of 0 + -1 + 91/7.
2, 3
Let v = -5 + 7. Suppose -z + 5 = 3*h, 2*h + v = -2*z + 4. What are the prime factors of 1*(0 - h) - -9?
7
Suppose -5*v + 8*v = 9. Suppose v*u + 12 = 5*u. What are the prime factors of u?
2, 3
Suppose 4*a + 32 - 8 = 2*w, -w + 4 = 0. Let m = a + 5. Suppose m - 19 = -p. List the prime factors of p.
2, 3
Let o be (-6)/(-4)*20/15. Suppose 2*p + o = 2*k, 4*k - 11 = 1. List the prime factors of -2*(p + -12)*1.
2, 5
What are the prime factors of 20/((-1)/6*-4)?
2, 3, 5
Let l = -2 + 16. What are the prime factors of l?
2, 7
Suppose 5*n = 3*n + 6. Suppose 4 + 2 = -k - n*j, 0 = 5*k + 3*j - 6. List the prime factors of k.
3
Let a = 12 - 17. Let o(x) = -3*x - 7. What are the prime factors of o(a)?
2
Let z(f) = f**2 + 9*f + 3. Let q be z(-9). Suppose 5*g + 4 = -3*v, -2*g + 5 = -q*v + 2*v. Let n = 1 + g. What are the prime factors of n?
2
Let v be (1/2)/((-3)/(-18)). Let g = v + -5. List the prime factors of (-24)/g*(-5)/(-4).
3, 5
What are the prime factors of (-56)/(-2) - (4 + -4)?
2, 7
Let k = 4 + 52. List the prime factors of k.
2, 7
Let x(d) = d**3 - 9*d**2 - 7*d + 1. Suppose 4*s - 10 - 30 = 0. What are the prime factors of x(s)?
31
Suppose -20 = -5*m, 3*o - 3*m = -o. Suppose 0*q + 57 = o*q. What are the prime factors of q?
19
Let v be (9/6)/(3/6). Suppose -5*y = 2*t + 13, 0 = v*t + y + y + 3. List the prime factors of t*-2 + (12 - 6).
2
Let l = -26 - -24. What are the prime factors of 54 - (l/2 - -3)?
2, 13
Suppose 3*s + 39 + 5 = 4*n, 3*s = 3*n - 45. Let c = s + 31. What are the prime factors of c?
3, 5
Let y = 2 + 2. Suppose -6*t = -y*t. Suppose t = 5*m + n - 38, -2 = -2*m - n + 12. List the prime factors of m.
2
Let y(a) = -a - 4. Let d be y(-8). Suppose d*h = -h - 5*f + 55, -3*h - f + 33 = 0. Suppose 3*l - 46 = 5*u, -h = -2*l - u + 11. What are the prime factors of l?
2, 3
Let h(x) = -16*x**3 + 7*x**2 + 2*x + 8. Let r(p) = -15*p**3 + 6*p**2 + 2*p + 7. Let i(b) = -6*h(b) + 7*r(b). List the prime factors of i(-1).
2
Let q = 1 - -1. Let w be 1 + (3 - 2/q). Suppose -4*m - z + 15 = -49, 3*z - 48 = -w*m. What are the prime factors of m?
2
Suppose w + 5*b = 5*w + 27, 3*w + 25 = -b. Let n be ((-6)/(-8))/((-2)/w). List the prime factors of -3*(2 + (-2 - n)).
3
Let i = 226 - 57. What are the prime factors of i?
13
Let a = -94 + 136. Let c = a - 25. List the prime factors of c.
17
Suppose g + g = 0. Suppose g = -n - 3 + 24. List the prime factors of n.
3, 7
Let l = 438 + -119. What are the prime factors of l?
11, 29
Let i(u) = 4*u + u**2 - 7 + 0*u + u. Suppose 5*f + 6 = -29. List the prime factors of i(f).
7
Let v(j) = 2*j**2 - 15*j + 9. Let a be v(11). Let h be (2 - 11) + (-3)/(-3). List the prime factors of (-2)/(-8) - a/h.
11
Suppose 3*v - 4*v - 20 = 0. List the prime factors of v/(-3) - 6/9.
2, 3
Let k(y) = y**3 + 6*y**2 - 9*y - 10. Let s be k(-7). Let v be ((-2)/(-2))/(2/s). Suppose v*c + 2*c = 64. List the prime factors of c.
2
Suppose -3*p = -p + 16. List the prime factors of p/48 + 62/12.
5
Suppose 7*m - 5*m + 14 = 0. Let h = 2 + m. Let t = 1 - h. List the prime factors of t.
2, 3
Let n = 47 - 15. What are the prime factors of n?
2
Suppose -w - 11 = 5*t, w - 4*w + 18 = -2*t. What are the prime factors of ((-2)/3)/(t/9)?
2
Suppose 197 = -4*a + 697. What are the prime factors of a?
5
Let d(m) = -m**3 - 2*m**2 - 2*m - 2. Let k be d(-2). List the prime factors of 318/12 - k/(-4).
3
Let d(p) = 16*p**2 - 2*p - 8. What are the prime factors of d(-4)?
2
Suppose 3 - 63 = -2*b. List the prime factors of b.
2, 3, 5
Suppose -27 = 3*v - 3. Let n be (-4)/3*(-60)/v. Let l = -7 - n. What are the prime factors of l?
3
Suppose 2*z - 10 = 4*u - 24, -5*z - 5*u = -10. Let m = 4 + z. List the prime factors of m.
3
Let m(a) = -a**3 - 5*a**2 + 6*a + 6. Let b be m(-6). Suppose 0 = -2*y + 2*i - 2 + 16, 0 = -3*i - b. What are the prime factors of y?
5
Let y be ((-4)/(-2))/1 + -3. Let i be y*(0 - (-14)/2). Let a = i - -15. List the prime factors of a.
2
Suppose 11*p - 1110 = -285. What are the prime factors of p?
3, 5
Let i = 87 + -42. List the prime factors of i.
3, 5
Suppose -7 = -4*v + 5. What are the prime factors of v?
3
Let m be (-35)/11 + 2/11. Let o be (18/(-4))/(m/4). Let f = o + -1. List the prime factors of f.
5
Suppose -5*x + 573 = -227. What are the prime factors of x?
2, 5
Suppose 2*h + 759 = 5*n, h = -5*n - 2*h + 749. What are the prime factors of n?
151
Let a be (-22)/33*3/2. What are the prime factors of (-3)/(3/(a - 11))?
2, 3
Let h = -24 + 48. What are the prime factors of h?
2, 3
Suppose -3*r + 4 = 4*n, n - 12 = -r + 3*r. Let o(z) = z**3 + 6*z**2 + 3*z - 4. List the prime factors of o(r).
2
Suppose -3*c - 1 = -25. What are the prime factors of c?
2
Let h(k) = -k + 11. Let y(t) = t**3 + 4*t**2 + t + 4. Let i be (3/2)/((-3)/8). Let f be y(i). What are the prime factors of h(f)?
11
Suppose 6 + 0 = -2*q. Let l(f) = f**3 - 8*f**2 + 7*f - 2. Let a be l(7). List the prime factors of a + -1 + 21 + q.
3, 5
Suppose -3*c = 3*t + c + 16, -16 = -5*t + 4*c. Suppose -n = -7 - t. List the prime factors of n.
7
Suppose 8*r - 52 = 4*r. List the prime factors of r.
13
Let v(m) = 14*m**2 - 11*m - 24. What are the prime factors of v(-4)?
2, 61
Let z(c) = c**3 + 9*c**2 - 5*c - 3. What are the prime factors of z(-9)?
2, 3, 7
Let w(a) = -a**2 + 6*a - 1. Let v be w(5). Suppose v*i - 58 = 34. List the prime factors of i.
23
Suppose -2*s + 61 = 21. What are the prime factors of s?
2, 5
Let h(v) = 10*v - 1. List the prime factors of h(7).
3, 23
Suppose -w = -2*w - 8. Let z = -6 - -4. What are the prime factors of (0 + 2 + w)*z?
2, 3
Suppose 3*z - 5*z + 8 = 0. Suppose 2*g + 2*g = 16. Suppose -z*c + 2*s = -36, 0 = 2*c - g*s - 30 - 0. What are the prime factors of c?
7
Let l = -101 - -191. List the prime factors of l.
2, 3, 5
Suppose 22 = 2*j + 4. Let x = j + 1. List the prime factors of x.
2, 5
Suppose i + 48 = 17. Let p = i + 53. List the prime factors of p.
2, 11
Let j(o) = 2*o. L